). Let k = q - 8. What are the prime factors of k?
2, 5
Let r be (-2)/(4 - 2) + -7. Let s(y) = -y**2 - 10*y - 3. What are the prime factors of s(r)?
13
Let l(k) = k + 1. Let x(d) = -5*d - 5. Let o(f) = 11*l(f) + 2*x(f). Let v = -8 - -11. List the prime factors of o(v).
2
Suppose 2*w + 2*g - 122 = 0, -w + g = -g - 58. Suppose -x = x - w. Let d = 43 - x. List the prime factors of d.
13
Let f = -1 + -1. Let p = 13 + f. List the prime factors of p.
11
Let x = 7 + 11. List the prime factors of x.
2, 3
Suppose -7*f + 12*f = 155. What are the prime factors of f?
31
Let u = -11 + 10. Let y = 20 - u. What are the prime factors of y?
3, 7
Let q = 16 - -9. What are the prime factors of q?
5
Let f(k) = -4*k**3 + 7*k**2 - 9*k + 1. Let o(t) = -11*t**3 + 20*t**2 - 26*t + 4. Let i(c) = 8*f(c) - 3*o(c). What are the prime factors of i(4)?
2, 5
Let j = 209 + 93. What are the prime factors of j?
2, 151
Let b = -10 - -47. What are the prime factors of b?
37
Let q(x) = -x - 2. Let p be q(-2). Suppose -j + p*j + 24 = 0. What are the prime factors of j?
2, 3
Suppose -95*g + 89*g = -1998. List the prime factors of g.
3, 37
Suppose -11 = l - 42. List the prime factors of l.
31
Let v = 15 + -11. Suppose -v*n = -40 - 16. What are the prime factors of n?
2, 7
Let x = 153 + -75. List the prime factors of x.
2, 3, 13
Suppose w + 5 = 0, 4*a - 4*w - 239 = -5*w. What are the prime factors of a?
61
Let c(a) = a**3 + 6*a**2 + 4*a + 1. Let l be c(-5). Let r(j) = -j**2 + 8*j + 5. What are the prime factors of r(l)?
17
Let m(z) = -63*z. What are the prime factors of m(-1)?
3, 7
Let y(n) = -6*n - 15. What are the prime factors of y(-6)?
3, 7
Let f(t) = 2*t**2 + 5*t + 3. Let a be (11 - 4) + 0/1. Let p = -11 + a. List the prime factors of f(p).
3, 5
Let y(a) = a**3 + 2*a**2 - 2*a + 3. What are the prime factors of y(4)?
7, 13
Let j(x) = -x + 4. List the prime factors of j(-14).
2, 3
Let o(j) = 20*j. Let m be o(4). Suppose -5*d = -b + 16, -3*b - 2*d = 2*b - m. What are the prime factors of b?
2
Let o(x) be the first derivative of -2*x**2 - 12*x - 1. Let m(f) = -5*f - 12. Let s(z) = 3*m(z) - 4*o(z). List the prime factors of s(-5).
7
What are the prime factors of -3*((-3 - -5) + -3)?
3
Let d(a) = -a**2 - 5*a - 1. Let f be d(-5). List the prime factors of 34 + (-2 + 2 - f).
5, 7
Let i = -6 + 17. List the prime factors of i.
11
Let r = 68 + 67. Suppose y - 6*y = -r. Let g = 39 - y. List the prime factors of g.
2, 3
Let y = 5 + -7. Let i be y/(-5) - 72/(-20). Suppose -i*t - t = -10. What are the prime factors of t?
2
Let o(c) = -c**3 - 4*c**2 - c + 1. Suppose -4*l = 15 + 1. Let g be o(l). Let t = -2 + g. What are the prime factors of t?
3
Let j(q) = 2*q**3 + 5*q**2 - 6*q - 5. List the prime factors of j(4).
179
What are the prime factors of 6 + (32/(-28))/((-4)/14)?
2, 5
Suppose -2*f - 5*b + 388 = 0, 0*f + 3*f + 5*b = 572. What are the prime factors of f?
2, 23
What are the prime factors of ((-12)/(-8))/(3/82)?
41
What are the prime factors of 6/(-4)*(-112)/3?
2, 7
Suppose -14*q + 16*q - 84 = 0. List the prime factors of q.
2, 3, 7
Let l be (-2)/(-5) + 116/10. Let f be (-70)/8 + 2/(-8). Let m = f + l. What are the prime factors of m?
3
Suppose 3*l + 80 = 2*q + 3, 0 = -3*q + 4*l + 118. What are the prime factors of q?
2, 23
Let l(a) = -6*a - 2. Let c(b) = 3*b + 4. Let m(p) = p + 1. Let k(n) = -c(n) + 5*m(n). Let x(j) = -8*k(j) - 3*l(j). List the prime factors of x(5).
2
Let t = 5 - -22. List the prime factors of 6/t - (-266)/18.
3, 5
Let n be (-18)/4 + (-2)/(-4). Let f be -45 + (1 + 1)/(-1). List the prime factors of n/18 + f/(-9).
5
Let g(y) = 2*y - 7. Let f be 160/28 - 4/(-14). List the prime factors of g(f).
5
Let q be (-179 + 7)*(-2)/8. Let g = -13 + q. What are the prime factors of g?
2, 3, 5
What are the prime factors of (132/22)/((-2)/(-2))?
2, 3
Suppose -16*l - 70 = -21*l. What are the prime factors of l?
2, 7
Let u be 2565/38 + (-3)/2. Suppose -u = -2*c - 4*p, 2*p + 87 + 78 = 5*c. What are the prime factors of c?
3, 11
Let h(p) = p**3 - 6*p**2 - p. Let x be h(4). Let a = 21 + x. What are the prime factors of ((-4)/(-10))/((-3)/a)?
2
Let n = 119 + -54. List the prime factors of n.
5, 13
Let g be (12/30)/(1/15). Suppose 2*l - 5*h = g*l - 33, -5*l + 2*h = -33. Let r = 11 - l. List the prime factors of r.
2
List the prime factors of (-2 - -3)/(-1) + 140.
139
Let p = -58 + 86. List the prime factors of p.
2, 7
Suppose 0*n - 4*n - 5*u + 4 = 0, 0 = -n - u + 1. Suppose n = 7*k - 6*k, 4*k = 2*o - 62. List the prime factors of o.
3, 11
Suppose 0 = -3*v + 2*y + 14 + 102, 3*v - 5*y - 128 = 0. Suppose 9*b - 5*b = v. List the prime factors of b.
3
Suppose -2*t = -t - 101. What are the prime factors of t?
101
Let g be (-3)/9 + (-16)/(-3). Let d be ((-2)/(-3))/(1/3). What are the prime factors of 14 - g - 0/d?
3
Let n = -54 + 251. List the prime factors of n.
197
Let z = -207 + 428. List the prime factors of z.
13, 17
Suppose -4*j = -j - 405. Suppose -2 = -l, -l = -5*m - 47 + j. What are the prime factors of m?
2, 3
Let t = -4 + 8. Let g(p) = p**3 - 5*p**2 + 5*p - 4. Let q be g(t). Suppose -3*o + q*o + 24 = 0. What are the prime factors of o?
2
Let u(c) = c**3 + 6*c**2 - 8*c - 2. Let t be u(-7). Suppose 3*i + 2*v + v = 18, 0 = -2*i - t*v. What are the prime factors of i?
2, 5
Suppose -g = -4*j - 4*g + 241, 2*j + g - 123 = 0. What are the prime factors of j?
2
Suppose 0 = 4*g + 5*l - 237, -2*g + l = -56 - 45. What are the prime factors of g?
53
Let z(t) = -t**2 + 6*t - 2. Let j be z(5). Suppose 3*m - j*n - 15 = n, -5*m = -n - 42. List the prime factors of m.
3
Suppose -3*h - 16 - 14 = 0. Let x(v) = v**2 + 8*v - 14. What are the prime factors of x(h)?
2, 3
Let y = 1 + 4. Suppose -3*g - 3*c = -18, g = 4*c + y + 1. List the prime factors of g.
2, 3
Let b(y) = 2*y - 3. Let f(i) = i + 10. Let w be f(-8). Suppose 6*n = n - r + 43, w*n + r = 16. What are the prime factors of b(n)?
3, 5
Let i(t) be the first derivative of -t**5/60 + t**4/6 + t**3/3 - 2*t**2 - 2. Let s(y) be the second derivative of i(y). List the prime factors of s(4).
2
Suppose 2*m + 2*p + 0 + 2 = 0, -5*p = 0. Let a be -1 + -51 + (-2)/1. What are the prime factors of ((a + 3)/3)/m?
17
Let k = -1 - -4. Suppose s + k = 13. List the prime factors of s.
2, 5
Let v(k) = -k**2 + k. Let x(s) = 2*s**2 - 5*s - 1. Let j(o) = -5*v(o) - x(o). What are the prime factors of j(-2)?
13
What are the prime factors of -3*((-8 - -1) + 0)?
3, 7
Let m = -70 + 119. What are the prime factors of m?
7
Let a(z) = -z**2 + 4*z. Let i be a(3). Suppose i*p + p - 104 = 0. What are the prime factors of p?
2, 13
Let c be ((-24)/(-9))/(2/(-3)). Let r = -1 - 0. List the prime factors of r - 3*c/2.
5
Let r(g) = -4*g + 2. Let z(d) = -d - 11. Let o be z(-4). List the prime factors of r(o).
2, 3, 5
Let r(c) = -c**3 + 6*c**2 + 3*c + 5. List the prime factors of r(6).
23
Let a(g) = -21*g + 29. What are the prime factors of a(-13)?
2, 151
Suppose -138 = -139*x + 136*x. What are the prime factors of x?
2, 23
List the prime factors of (-2 - (-2 - 1)) + 82.
83
List the prime factors of 315/25 + (-6)/(-15).
13
Let c = 4 - 4. Let x = c + 1. Suppose 2*l - x - 3 = 2*m, -3*l = m - 18. List the prime factors of l.
5
Suppose 2*u - 3*u + 19 = -3*h, -2*u = -h - 33. Suppose 0 = -3*x + 7*x + u. What are the prime factors of (-2)/(-6)*(x + 19)?
5
Let d(o) be the second derivative of -o + 5/12*o**4 - 4/3*o**3 + 1/20*o**5 - 1/2*o**2 + 0. List the prime factors of d(-6).
11
What are the prime factors of 2/5*311 + (-4)/10?
2, 31
Let j(t) = 15*t - 16. List the prime factors of j(8).
2, 13
Let m(h) = -h**2 - 11*h + 20. What are the prime factors of m(-11)?
2, 5
Let d(v) = -v**2 + 10*v - 7. Let b be d(6). Suppose -3*y = -y - 74. Let i = y - b. What are the prime factors of i?
2, 5
Let k = 48 + -10. What are the prime factors of k?
2, 19
Let u = 4 + -10. Let g(h) = -h - 2. Let v be g(u). Suppose v*o + o - 10 = 0. What are the prime factors of o?
2
Let v(j) = 36*j. Let p = -2 + 3. Let s be v(p). Suppose -s = -4*d - 0*d. What are the prime factors of d?
3
Let r = -13 + 41. What are the prime factors of r?
2, 7
Let r = 9 + -8. Let z = r + 12. What are the prime factors of z?
13
Let n(z) = -z**3 - 5*z**2 - 5*z. List the prime factors of n(-5).
5
Let r = -222 - -349. What are the prime factors of r?
1